alse
Is 882 a multiple of 9?
True
Does 6 divide 3804?
True
Does 36 divide 12329?
False
Is 29300 a multiple of 20?
True
Does 50 divide 365?
False
Does 82 divide 11566?
False
Is 15 a factor of 33?
False
Does 4 divide 17?
False
Does 8 divide 31632?
True
Is 18953 a multiple of 37?
False
Is 11260 a multiple of 2?
True
Is 14 a factor of 684?
False
Does 128 divide 1152?
True
Is 21 a factor of 5854?
False
Does 8 divide 4503?
False
Is 23 a factor of 1150?
True
Does 33 divide 120074?
False
Is 512 a multiple of 5?
False
Is 6 a factor of 498?
True
Is 11 a factor of 869?
True
Is 34 a factor of 272?
True
Is 61 a factor of 3660?
True
Is 32363 a multiple of 18?
False
Is 7130 a multiple of 31?
True
Does 17 divide 9265?
True
Is 5 a factor of 1415?
True
Is 47 a factor of 705?
True
Does 24 divide 216?
True
Is 27077 a multiple of 70?
False
Is 139 a factor of 21684?
True
Is 903 a multiple of 18?
False
Does 41 divide 43077?
False
Is 10360 a multiple of 70?
True
Is 14050 a multiple of 50?
True
Does 125 divide 3265?
False
Does 136 divide 8499?
False
Is 68 a multiple of 4?
True
Is 42 a factor of 11115?
False
Is 24 a factor of 316?
False
Is 4939 a multiple of 37?
False
Does 38 divide 2720?
False
Does 23 divide 9292?
True
Is 588 a multiple of 196?
True
Is 22 a factor of 7103?
False
Is 5 a factor of 775?
True
Is 22 a factor of 85?
False
Is 310 a factor of 31930?
True
Is 26 a factor of 208?
True
Is 158 a multiple of 79?
True
Does 7 divide 966?
True
Is 31 even?
False
Is 20576 a multiple of 22?
False
Is 5936 a multiple of 106?
True
Does 25 divide 28215?
False
Is 14 a factor of 616?
True
Is 8 a factor of 16121?
False
Is 7 a factor of 2590?
True
Is 1537 a multiple of 53?
True
Is 1092 a multiple of 52?
True
Does 103 divide 24411?
True
Is 4018 a multiple of 82?
True
Is 4893 a multiple of 21?
True
Is 78 a factor of 702?
True
Is 7 a factor of 110?
False
Is 252 a factor of 45108?
True
Is 41 a factor of 9594?
True
Does 24 divide 1725?
False
Is 90 a multiple of 6?
True
Is 70527 a multiple of 59?
False
Does 25 divide 7637?
False
Is 13 a factor of 7369?
False
Does 5 divide 140?
True
Does 122 divide 3904?
True
Is 3552 a multiple of 96?
True
Does 16 divide 120?
False
Is 38 a factor of 27031?
False
Is 3016 a multiple of 7?
False
Is 46 a factor of 164?
False
Does 23 divide 2036?
False
Is 16 a factor of 80155?
False
Is 98 a factor of 950?
False
Does 3 divide 29119?
False
Is 399 a multiple of 21?
True
Is 5 a factor of 11318?
False
Does 107 divide 34709?
False
Is 9 a factor of 10467?
True
Does 30 divide 1861?
False
Does 16 divide 1767?
False
Does 46 divide 12834?
True
Is 71 a factor of 6532?
True
Is 37 a factor of 4181?
True
Is 756 a multiple of 21?
True
Is 43 a factor of 1081?
False
Does 17 divide 17459?
True
Does 21 divide 987?
True
Does 17 divide 680?
True
Is 306 a multiple of 5?
False
Is 33 a factor of 3036?
True
Is 35 a multiple of 2?
False
Is 503 a multiple of 74?
False
Is 11939 a multiple of 11?
False
Is 50 a factor of 38500?
True
Is 1659 a multiple of 79?
True
Is 2704 a multiple of 2?
True
Is 11766 a multiple of 56?
False
Does 11 divide 956?
False
Is 17 a factor of 4318?
True
Does 87 divide 11571?
True
Is 80 a factor of 5149?
False
Is 622 a multiple of 47?
False
Is 9 a factor of 6273?
True
Is 21 a factor of 5024?
False
Does 152 divide 14864?
False
Is 82 a factor of 58302?
True
Is 10 a factor of 7294?
False
Is 833 a multiple of 32?
False
Is 44 a factor of 132?
True
Is 20501 a multiple of 19?
True
Is 12437 a multiple of 122?
False
Is 274 a multiple of 9?
False
Does 280 divide 22680?
True
Is 2832 a multiple of 12?
True
Does 49 divide 833?
True
Is 2 a factor of 45?
False
Is 1346 even?
True
Is 33 a factor of 1815?
True
Is 8 a factor of 37176?
True
Is 41 a factor of 41?
True
Does 34 divide 9452?
True
Does 4 divide 14197?
False
Is 2738 a multiple of 42?
False
Does 4 divide 12665?
False
Does 31 divide 4756?
False
Is 1135 a multiple of 13?
False
Is 10672 a multiple of 16?
True
Is 4440 a multiple of 74?
True
Is 161 a factor of 2737?
True
Is 2123 a multiple of 160?
False
Is 83 a factor of 7086?
False
Is 2600 a multiple of 10?
True
Does 67 divide 8764?
False
Does 13 divide 936?
True
Is 14 a factor of 2731?
False
Is 1440 a multiple of 16?
True
Is 28 a factor of 2320?
False
Is 81 a factor of 50601?
False
Does 20 divide 6300?
True
Is 7 a factor of 217?
True
Is 15748 a multiple of 124?
True
Is 8134 a multiple of 7?
True
Is 965 a multiple of 53?
False
Is 13 a factor of 16432?
True
Is 1975 a multiple of 4?
False
Is 4779 a multiple of 59?
True
Is 150 a multiple of 4?
False
Is 83 a multiple of 2?
False
Is 127 a factor of 13378?
False
Is 28 a factor of 1204?
True
Does 44 divide 773?
False
Does 74 divide 38047?
False
Does 7 divide 36858?
False
Is 456 a multiple of 19?
True
Is 1086 a multiple of 12?
False
Is 5670 a multiple of 126?
True
Is 11 a factor of 447?
False
Does 11 divide 1486?
False
Is 5 a factor of 690?
True
Is 1227 a multiple of 10?
False
Is 15 a factor of 4230?
True
Does 18 divide 1703?
False
Does 11 divide 3352?
False
Is 148 a factor of 1465?
False
Is 5320 a multiple of 152?
True
Is 60 a factor of 16980?
True
Is 7636 a multiple of 170?
False
Is 7 a factor of 808?
False
Is 506 a multiple of 46?
True
Does 65 divide 11291?
False
Is 11 a factor of 6260?
False
Is 8 a factor of 1381?
False
Does 16 divide 1072?
True
Is 192 a multiple of 4?
True
Does 9 divide 844?
False
Is 2249 a multiple of 18?
False
Does 13 divide 962?
True
Is 263 a multiple of 44?
False
Is 29 a factor of 1479?
True
Is 9072 a multiple of 56?
True
Does 41 divide 2050?
True
Is 1645 a multiple of 35?
True
Does 61 divide 610?
True
Is 1903 a multiple of 7?
False
Is 25 a factor of 656?
False
Is 871 a multiple of 13?
True
Does 23 divide 64561?
True
Is 101 a multiple of 26?
False
Does 15 divide 16125?
True
Is 1684 a multiple of 48?
False
Does 138 divide 711?
False
Is 5436 a multiple of 18?
True
Is 73 a factor of 20292?
False
Is 15377 a multiple of 25?
False
Does 22 divide 31151?
False
Is 945 a multiple of 3?
True
Is 66725 a multiple of 157?
True
Is 13 a factor of 312?
True
Does 145 divide 38228?
False
Is 225 a factor of 17659?
False
Is 946 a multiple of 12?
False
Is 576 a multiple of 9?
True
Does 14 divide 826?
True
Does 108 divide 1557?
False
Is 126 a multiple of 9?
True
Does 494 divide 138320?
True
Is 2 a factor of 777?
False
Does 7 divide 2870?
True
Does 39 divide 741?
True
Is 631 a multiple of 6?
False
Is 594 a multiple of 33?
True
Is 12705 a multiple of 8?
False
Is 88 a factor of 18516?
False
Is 1030 a multiple of 18?
False
Is 9856 a multiple of 20?
False
Does 96 divide 43722?
False
Is 2457 a multiple of 7?
True
Is 459 a multiple of 38?
False
Is 1541 a multiple of 2?
False
Does 3 divide 1733?
False
Is 100 a factor of 8500?
True
Is 24637 a multiple of 14?
False
Does 18 divide 2654?
False
Is 40 a factor of 16840?
True
Is 11266 a multiple of 14?
False
Is 30 a factor of 450?
True
Is 13 a factor of 108647?
False
Is 30 a factor of 6750?
True
Is 1404 a multiple of 12?
True
Does 25 divide 698?
False
Is 35 a factor of 735?
True
Does 29 divide 3886?
True
Is 131 a factor of 11869?
False
Is 1310 a multiple of 123?
False
Does 5 divide 33778?
False
Does 7 divide 268?
False
Is 1722 a multiple of 14?
True
Is 12402 a multiple of 78?
True
Does 28 divide 644?
True
Is 149308 a multiple of 326?
True
Does 9 divide 4250?
False
Does 32 divide 3003?
False
Is 332 a multiple of 2?
True
Is 11 a factor of 396?
True
Does 7 divide 493?
False
Is 41344 a multiple of 17?
True
Is 4 a factor of 17251?
False
Is 552 a multiple of 5?
False
Is 204 a multiple of 34?
True
Is 45 a factor of 2803?
False
Does 196 divide 1568?
True
Is 48 a factor of 4990?
False
Does 30 divide 2981?
False
Is 11 a factor of 1913?
False
Does 5 divide 374?
False
Is 12 a factor of 2002?
False
Does 4 divide 701?
False
Is 2758 a multiple of 16?
False
Is 122 a factor of 2684?
True
Is 7 a factor of 13960?
False
Is 768 a multiple of 24?
True
Is 2749 a multiple of 17?
False
Does 26 divide 271?
False
Is 17 a factor of 4440?
False
Is 7 a factor of 4061?
False
Is 1313 a multiple of 101?
True
Does 50 divide 1680?
False
Is 17 a factor of 2465?
True
Does 15 divide 999?
False
Is 459 a multiple of 27?
True
Is 16708 a multiple of 108?
False
Is 8949 a multiple of 7?
False
Is 57672 a multiple of 40?
False
Is 398 a 